 What is the hundreds digit of w?
3
Let j = -45 - -18. Let l be ((-18)/j)/(1/3). Suppose 0 = 4*t - 2*d - 2, -l*d + 6 + 4 = 0. What is the units digit of t?
3
Let h = 6 + 0. Suppose h*b - 3*b = -2*n - 105, -12 = -4*b. What is the units digit of 1/((-174)/n - 3)?
9
Let n be 0 + 3 + (1 - -296). Let l = n - 200. What is the tens digit of l?
0
Let q(a) = a**2 - 6*a - 17. Let x = -151 + 228. Suppose 5*d = -5*f + x - 27, -5*f = -d + 28. What is the tens digit of q(d)?
7
Suppose 0*t + t = 57. Suppose 0 = -3*c - t + 225. What is the tens digit of c?
5
Let d = 92 - -365. Suppose j - 5*p - d = -3*j, 3*j - 5*p - 349 = 0. Suppose 0 = 4*n - j - 40. What is the tens digit of n?
3
Suppose -85*q + 87*q = 868. What is the hundreds digit of q?
4
Let c(v) = -32*v**3 + 2*v**2 - 2*v + 4. What is the hundreds digit of c(-2)?
2
Suppose 7*b = 5 + 16. Suppose b*u = 4*f + 941, 1557 = 5*u - 7*f + 6*f. What is the hundreds digit of u?
3
Let l = -4738 - -8243. What is the units digit of l?
5
Suppose 0 = 5*v + 5*h - 1080, 3*v - 6*v + 663 = -2*h. What is the hundreds digit of v?
2
Let n(u) = u**2 + 1. Let h(a) = -a + 1. Let d be h(2). Let i be n(d). Suppose i*p - 27 = 37. What is the tens digit of p?
3
Let t(x) = -3*x**2 - x + 4. Let g be t(-2). Let o(h) = 2*h**2 - 2. What is the tens digit of o(g)?
7
Suppose -8*m + 1900 = -6*m + 3*h, 3*h + 959 = m. What is the hundreds digit of m?
9
Suppose 21 = -6*z + 9. What is the units digit of z*(0 + 47/(-2))?
7
Let i(c) = -5*c**3 + 6*c**2 + 2*c - 2. Let u(s) = -s**3 + s + 1. Let x(a) = -i(a) + 4*u(a). Let b be (-30)/(-9)*18/10. What is the units digit of x(b)?
8
Let p be (3/1 + -2)/1. Let u be (-5)/p*(-4)/10. What is the tens digit of ((-6)/12)/(u/(-164))?
4
Suppose 16 = 2*y - 3*w, -4*y + 24 = -y - w. Suppose 0 = -7*c + y*c - 24. What is the tens digit of c?
2
Let i(r) = -38*r + 161. What is the hundreds digit of i(-37)?
5
Let j(o) = -7*o + 5. Let p be j(-5). Suppose 15*y - p = 14*y. What is the tens digit of y?
4
Let h = -43 - -42. What is the tens digit of (10/(-25))/(h/40)?
1
Let b(c) = -c**2 - 8*c - 1. Let n be -2 + 0 - 30 - 1. Let s be 4/(-10) - n/(-5). What is the units digit of b(s)?
6
Suppose -105 + 108 = -h. What is the tens digit of 17/6 + h + (-651)/(-18)?
3
Suppose 30084 = 6*g + 6*g. What is the units digit of g?
7
Suppose 3*j - 2*x - 1245 = 0, -44 = 4*j - 4*x - 1700. Suppose 0 = 2*q - 4*m + 124, j = -5*q - 5*m + 62. Let a = -18 - q. What is the tens digit of a?
5
What is the thousands digit of 3/(((-27)/5097)/(-3))?
1
Suppose 2*g = c - 582, 6*c = c - 4*g + 2896. What is the tens digit of c?
8
Suppose m = 2*o - 597, 0*o + 3*m + 291 = o. Suppose k + o = 5*k. What is the tens digit of k?
7
Let k(l) be the third derivative of l**6/120 + l**4/24 + l**3/3 - 2*l**2. Let a be k(0). Let h(r) = 2*r + 1. What is the units digit of h(a)?
5
Let b(w) = -3*w + 76. Let t be b(22). Suppose 2*k = 42 - t. What is the tens digit of k?
1
Let f(q) = -q**2 + q + 24. Let n be f(0). Let w = -34 + n. What is the units digit of ((-12)/10)/(w/25)?
3
Suppose -3*x + 697 = -p, 5*x + 2*p + 485 = 1643. What is the units digit of x?
2
Let w(s) = -s + 23. Let j be w(-11). Let x = -26 + j. What is the units digit of x?
8
Let p(a) = -a**2 + 4*a + 2. Suppose -2*o + o + 4 = 2*b, -2*o + 4 = 3*b. Let l be p(b). What is the units digit of ((-715)/33)/(l/(-6))?
5
Let x(c) = 14*c**2 - 23*c - 2. Suppose -15 = -5*w + 40. Let m(y) = -5*y**2 + 8*y + 1. Let d(f) = w*m(f) + 4*x(f). What is the units digit of d(6)?
5
Let q(x) = -x**2 + 15*x + 17. Let c be q(16). What is the hundreds digit of (-5454)/(-24) - 2*c/8?
2
Let r = 167 - -47. What is the hundreds digit of r?
2
Let t be 37 + (2 - 0 - 0). Let v(y) = 3*y - 16. Let g be v(13). Let k = t - g. What is the tens digit of k?
1
Let v(s) = 626*s - 507. What is the hundreds digit of v(5)?
6
What is the hundreds digit of -6*(47476/(-8))/13?
7
Let p(n) be the third derivative of 5*n**4/24 + 22*n**3/3 + 6*n**2. What is the hundreds digit of p(15)?
1
Let a(d) = d**3 + 17*d**2 - 23*d + 2. What is the units digit of a(-10)?
2
Let o(u) = 3*u**2 - 27*u + 2. What is the units digit of o(-4)?
8
Let k(m) be the first derivative of -m**2 + 10*m + 2. Let p be k(9). What is the tens digit of (p + 6)/((-1)/9)?
1
Suppose 3*z + 10 = 5*u - 2*z, -3*z = -9. Let h(b) = -b**3 + 6*b**2 - 2*b - 3. Let k be h(6). What is the units digit of -2 + u + k/(-1)?
8
Let c(s) = 2*s**3 - 3*s**2 + 2*s + 2. Let u be c(7). Suppose -6*k + u = -k. What is the tens digit of k?
1
Suppose 2*p + 63 = -2*g + 429, 4*g - 4*p = 692. Let u = -123 + g. What is the tens digit of u?
5
Let i = 62 + -62. Suppose -j + 86 + 44 = 0. Suppose -2*g + 7*g - j = i. What is the units digit of g?
6
Suppose -2*l - 3168 = -6*l + 2*o, -o = -5*l + 3960. What is the tens digit of l?
9
Let u = 18 - 15. Suppose u*p - 153 = 63. What is the units digit of p?
2
Let z(b) = 32*b**3 - 7*b**2 + 16*b - 24. What is the units digit of z(4)?
6
Suppose 3*o = -0*o + 78. Suppose 0 = 18*f + 388 + 26. Let k = o + f. What is the units digit of k?
3
Let h(s) = -2*s. Let a be h(-4). Let z(r) = r**2 - 9*r + 8. Let x be z(a). Suppose 5*f = -x*d + 2*d + 65, 3*d - 40 = -5*f. What is the units digit of f?
1
Suppose -3*s - 8 = -x + 11, -4*s - 20 = 0. Let a = x - -17. What is the tens digit of a?
2
Suppose -5*o + 67 = h, 0 = 2*h - 3*o - 87 - 8. What is the tens digit of -10*(1 + h/(-8))?
5
Let i = -957 + 1463. Suppose -c - i = -5*c + 5*f, 3*c + 3*f = 366. What is the tens digit of c?
2
Let f(g) = g**3 + 3*g**2 + 2*g - 20. What is the units digit of f(10)?
0
What is the hundreds digit of (-2 + 1)*(10 + -635)?
6
Suppose 21*h - 19*h = 8. Suppose 0*t + 4*s - 458 = -3*t, -4*t = -h*s - 648. What is the tens digit of t?
5
Suppose 5*m - 3*m - 12 = 0. Let g(c) = c - 1. Let h(v) = -v - 4. Let n(l) = g(l) - h(l). What is the tens digit of n(m)?
1
Let m(p) = 21*p - 269. What is the tens digit of m(23)?
1
Let h = 50 + -45. Suppose -115 = -2*l - 5*m - 8, -h*m + 173 = 3*l. What is the tens digit of l?
6
Let n be (4/8)/(3/(-444)). Let r = 123 + n. What is the units digit of r?
9
Suppose 2*m - 12 = 12. What is the tens digit of m?
1
Let r(j) = 45*j**3 + 2*j**2 - 1. Let s be r(1). Suppose -s = 4*k - 6*k. What is the units digit of k?
3
Let w(y) = -4*y - 5. Let s(n) be the first derivative of -4*n**2 - 9*n + 8. Let b(i) = -6*s(i) + 11*w(i). What is the tens digit of b(11)?
4
Suppose 0 = -z + 3, 5*p - z + 5 = 22. Suppose -2*g + 0*g - 4*a = 16, a + 4 = -p*g. Suppose 0 = 5*s + h - 102, -s = -g*h - 3*h - 30. What is the tens digit of s?
2
Suppose 0 = 3*b - 10*s + 15*s - 778, 0 = -s + 5. What is the units digit of b?
1
Let c(v) = -v**2 + 6*v. Let z(g) = g. Let q be z(-6). Let o be 2 + (-1)/(2/q). What is the units digit of c(o)?
5
Suppose p - 2790 = -5*p. What is the tens digit of p?
6
What is the hundreds digit of (-2)/(-18) - (-13)/(351/4830)?
1
Let w be 5/(5/2) + 3. Suppose 9*m - w*m - 8 = 0. Suppose -3*s + 63 = -0*b - 4*b, -m*b + 11 = s. What is the tens digit of s?
1
Let d(y) = -y**3 - 4*y**2 + 9*y - 2. Let j be d(-6). Suppose s - j = -0*s + 4*v, v + 21 = -4*s. What is the tens digit of 1 + 4 + 24 - s?
3
Let m = -7 - -12. Suppose m = 3*t + w + 4*w, -5*w + 5 = 2*t. Suppose 4*f = -5*i + 147, t = -5*i - 1 - 4. What is the tens digit of f?
3
Let b be (4/(-4) - -3) + 3. Let d = 133 - b. What is the units digit of d?
8
Let i(h) be the second derivative of -h**5/20 - 5*h**4/12 + h**3/3 + 7*h**2/2 - h. Suppose 12*p + 60 + 12 = 0. What is the tens digit of i(p)?
3
Suppose -l - 2*w - 3 = -7, w + 1 = -l. Let d be 2/l - (-68)/6. Suppose -2*j + 4*k = -56, j - d = -k + 23. What is the units digit of j?
2
Let u be (-28)/(-6)*18/7. Let v be 3/u + 33/12. Suppose -v*p = -4*j - 61, -p + j = 4*j - 16. What is the tens digit of p?
1
Let y(u) be the second derivative of 1/2*u**2 + 9*u + 0 + 3/2*u**3. What is the tens digit of y(2)?
1
Let g(i) = 3*i**2 + 6*i + 4. Suppose -12*m + 12 + 24 = 0. What is the units digit of g(m)?
9
Let j = 15 - 13. Suppose -j*b - 27 = -5*b. What is the units digit of 31/(-2)*(b - 11)?
1
Let k(p) = 5*p. Let s be k(1). Let t(a) be the first derivative of 3*a**2 - 7*a + 79. What is the units digit of t(s)?
3
Let n(r) = 2 - 6 + 7 + r**2 + 9*r. Let j be n(-9). Suppose j*i = 18 + 9. What is the units digit of i?
9
Let s = 714 - 489. S